{"id":33,"date":"2019-10-03T18:14:42","date_gmt":"2019-10-03T18:14:42","guid":{"rendered":"http:\/\/managerconsult1.managerconsult.ro\/wp50\/?page_id=33"},"modified":"2019-10-23T10:45:43","modified_gmt":"2019-10-23T10:45:43","slug":"avantajele-absolvirii-cursului","status":"publish","type":"page","link":"https:\/\/managerconsult1.managerconsult.ro\/wp50\/avantajele-absolvirii-cursului\/","title":{"rendered":"Avantajele absolvirii cursului"},"content":{"rendered":"\n<ul><li>Vor beneficia &nbsp;de experien\u021ba unor speciali\u0219ti \u00een domeniul asigur\u0103rii securit\u0103\u021bii informa\u021biilor la nivel organiza\u021bional,cu o experien\u021b\u0103 de peste 20 de ani \u00een domeniu;<\/li><li>Vor fi \u00een m\u0103sur\u0103 s\u0103 realizeze o radiografie complet\u0103 a \u00eentregului &nbsp;proces de prelucrare a datelor cu caracter personal;<\/li><li>Cu sprijinul speciali\u0219tilor no\u0219tri, vor putea identifica \u0219i particulariza solu\u021biile optime necesare \u00eendeplinirii depline \u0219i corecte a obliga\u021biilor legale ce revin \u00een sarcina &nbsp;angajatorilor \u0219i angaja\u021bilor; &nbsp;<\/li><li>Vor acumula cuno\u0219tin\u021be \u0219i vor dob\u00e2ndi competen\u021be \u00een domeniul protec\u021biei datelor, care vor asigura premisele desf\u0103\u0219ur\u0103rii procesului de prelucrare a datelor cu caracter personal la nivelul entit\u0103\u021bii \u00een care activeaz\u0103 \u00een strict\u0103 conformitate cu cerin\u021bele Regulamentului;<\/li><li>Vor avea noi perspective profesionale.<\/li><\/ul>\n\n\n\n<p>\u00cen speran\u021ba c\u0103 informa\u021biile au fost utile,&nbsp;<strong>V\u0102 MUL\u021aUMIM<\/strong>&nbsp;pentru aten\u021bia acordat\u0103 \u0219i&nbsp;<strong>V\u0102 A\u0218TEPT\u0102M LA CURS!&nbsp;&nbsp;&nbsp; &nbsp;&nbsp;&nbsp;&nbsp;&nbsp;&nbsp;&nbsp;&nbsp;&nbsp;&nbsp;&nbsp;<\/strong><\/p>\n","protected":false},"excerpt":{"rendered":"<p>Vor beneficia &nbsp;de experien\u021ba unor speciali\u0219ti \u00een domeniul asigur\u0103rii securit\u0103\u021bii informa\u021biilor la nivel organiza\u021bional,cu o experien\u021b\u0103 de peste 20 de ani \u00een domeniu; Vor fi \u00een m\u0103sur\u0103 s\u0103 realizeze o radiografie complet\u0103 a \u00eentregului &nbsp;proces de prelucrare a datelor cu caracter personal; Cu sprijinul speciali\u0219tilor no\u0219tri, vor putea identifica \u0219i particulariza solu\u021biile optime necesare \u00eendeplinirii &hellip; <a href=\"https:\/\/managerconsult1.managerconsult.ro\/wp50\/avantajele-absolvirii-cursului\/\" class=\"more-link\">Continu\u0103 lectura<span class=\"screen-reader-text\"> \u201eAvantajele absolvirii cursului\u201d<\/span><\/a><\/p>\n","protected":false},"author":1,"featured_media":0,"parent":0,"menu_order":0,"comment_status":"closed","ping_status":"closed","template":"","meta":[],"guten_post_layout_featured_media_urls":{"full":false,"thumbnail":false,"medium":false,"medium_large":false,"large":false,"1536x1536":false,"2048x2048":false,"guten_post_layout_landscape_large":false,"guten_post_layout_portrait_large":false,"guten_post_layout_square_large":false,"guten_post_layout_landscape":false,"guten_post_layout_portrait":false,"guten_post_layout_square":false,"post-thumbnail":false},"_links":{"self":[{"href":"https:\/\/managerconsult1.managerconsult.ro\/wp50\/wp-json\/wp\/v2\/pages\/33"}],"collection":[{"href":"https:\/\/managerconsult1.managerconsult.ro\/wp50\/wp-json\/wp\/v2\/pages"}],"about":[{"href":"https:\/\/managerconsult1.managerconsult.ro\/wp50\/wp-json\/wp\/v2\/types\/page"}],"author":[{"embeddable":true,"href":"https:\/\/managerconsult1.managerconsult.ro\/wp50\/wp-json\/wp\/v2\/users\/1"}],"replies":[{"embeddable":true,"href":"https:\/\/managerconsult1.managerconsult.ro\/wp50\/wp-json\/wp\/v2\/comments?post=33"}],"version-history":[{"count":3,"href":"https:\/\/managerconsult1.managerconsult.ro\/wp50\/wp-json\/wp\/v2\/pages\/33\/revisions"}],"predecessor-version":[{"id":63,"href":"https:\/\/managerconsult1.managerconsult.ro\/wp50\/wp-json\/wp\/v2\/pages\/33\/revisions\/63"}],"wp:attachment":[{"href":"https:\/\/managerconsult1.managerconsult.ro\/wp50\/wp-json\/wp\/v2\/media?parent=33"}],"curies":[{"name":"wp","href":"https:\/\/api.w.org\/{rel}","templated":true}]}}